ite number?
True
Is 1911249049 a composite number?
False
Is 19113950803 a prime number?
True
Is 11924672534 composite?
True
Is 45775429341 a composite number?
True
Is 1944179297 prime?
False
Is 2286108611 a composite number?
False
Is 2205858797 composite?
True
Is 55812441161 composite?
True
Is 74210350273 a prime number?
False
Is 48726911 prime?
False
Is 785763493 a composite number?
False
Is 349940893 prime?
True
Is 7047951929 prime?
True
Is 3404821391 prime?
True
Is 83287837349 a prime number?
True
Is 340799813513 a composite number?
False
Is 24718708591 a prime number?
False
Is 1350254687 a composite number?
False
Is 647592607 a composite number?
False
Is 80602919 composite?
True
Is 2682492905 composite?
True
Is 87993834589 a composite number?
True
Is 9575545571 composite?
False
Is 5196203237 a composite number?
False
Is 11234861081 a prime number?
False
Is 22108840081 prime?
True
Is 4611650817 a composite number?
True
Is 757321883 prime?
False
Is 5543258717 composite?
True
Is 16579640047 a composite number?
True
Is 1772698267 prime?
True
Is 8490678503 a prime number?
True
Is 4059065917 prime?
True
Is 100734949 a composite number?
True
Is 6052426507 prime?
True
Is 6771607697 a prime number?
False
Is 7063450213 a composite number?
True
Is 58953893209 composite?
True
Is 13096002271 a prime number?
False
Is 110508554407 a composite number?
True
Is 10592520041 a prime number?
True
Is 2213860937 prime?
True
Is 711606983 a prime number?
False
Is 7482765821 a prime number?
True
Is 2450703913 a prime number?
False
Is 14701552601 a prime number?
True
Is 687717161 composite?
False
Is 542265931 a prime number?
False
Is 2789344013 a composite number?
False
Is 22001286397 prime?
False
Is 8410421 composite?
False
Is 10880891713 composite?
False
Is 2877118411 a prime number?
True
Is 1535077363 a composite number?
False
Is 129689754505 composite?
True
Is 2237789399 a composite number?
False
Is 43592733707 a prime number?
False
Is 5676999649 prime?
False
Is 4441298299 a prime number?
True
Is 231959255095 a composite number?
True
Is 760429283 a prime number?
False
Is 6112684763 a composite number?
True
Is 6541928999 composite?
True
Is 66889422211 a composite number?
False
Is 25490127961 composite?
True
Is 1212798991 a prime number?
False
Is 1318175261 composite?
True
Is 225250447 a prime number?
True
Is 147919213217 composite?
True
Is 1792216867 prime?
False
Is 11515676321 a composite number?
False
Is 3522306803 a prime number?
False
Is 9030162863 a composite number?
True
Is 2474944913 a prime number?
False
Is 70570613 composite?
True
Is 18933742423 a composite number?
True
Is 39322117613 prime?
False
Is 458339521 prime?
True
Is 2338243577 a prime number?
True
Is 2440802981 composite?
False
Is 80793781 a composite number?
True
Is 1320155087 composite?
False
Is 987664903 a prime number?
False
Is 1147823647 prime?
True
Is 670087529 composite?
False
Is 6701716937 a prime number?
True
Is 26408308382 a prime number?
False
Is 1921735429 a prime number?
True
Is 1025228879 prime?
True
Is 211928860771 a composite number?
True
Is 3278554061 prime?
True
Is 76165301 a composite number?
True
Is 60853830691 composite?
True
Is 824588719 a composite number?
True
Is 465003373 composite?
True
Is 204066983177 a prime number?
False
Is 14807133191 a prime number?
True
Is 1573197411 prime?
False
Is 1250679371 prime?
False
Is 3315592957 prime?
False
Is 4652917637 prime?
True
Is 24783311767 composite?
False
Is 1636183667 a composite number?
True
Is 5021973941 prime?
True
Is 19253995381 composite?
False
Is 24878607893 prime?
True
Is 1947678311 prime?
True
Is 314576999 a composite number?
True
Is 424119251 a composite number?
False
Is 434193199 a composite number?
True
Is 37197166339 composite?
True
Is 33872053 composite?
False
Is 10310477 a composite number?
False
Is 3850248667 a composite number?
False
Is 5920831331 a prime number?
True
Is 359350524443 composite?
True
Is 656091949 a composite number?
False
Is 62628324431 composite?
False
Is 278388295435 prime?
False
Is 64024122737 a composite number?
False
Is 5265542519 a prime number?
False
Is 16110332993 a composite number?
False
Is 5054878571 composite?
False
Is 136987211 a composite number?
False
Is 50955927485 a composite number?
True
Is 10527130477 composite?
True
Is 285111521 composite?
True
Is 12827918053 a prime number?
True
Is 569001319 prime?
False
Is 51026775647 a prime number?
True
Is 1990692157 composite?
True
Is 3328988021 a composite number?
True
Is 9560872234 composite?
True
Is 66361050013 composite?
False
Is 2617302047 a prime number?
True
Is 74784414659 composite?
True
Is 131211335569 a prime number?
False
Is 734883137 composite?
True
Is 59784215239 prime?
False
Is 276257953 prime?
True
Is 78621281 a composite number?
False
Is 1552055543 a prime number?
True
Is 870854197 a composite number?
False
Is 18434825147 a composite number?
False
Is 10911530167 a composite number?
True
Is 29875397087 a prime number?
True
Is 3962750926 composite?
True
Is 11931113111 composite?
True
Is 224879609 a prime number?
False
Is 554768003 a prime number?
True
Is 2228213233 prime?
True
Is 814228703 a composite number?
False
Is 11581288307 prime?
True
Is 588439097 composite?
False
Is 16188875293 composite?
True
Is 11183539 a prime number?
True
Is 55214792257 prime?
True
Is 27147608549 a composite number?
False
Is 1652546827 composite?
False
Is 595692737 a composite number?
True
Is 9670397929 a composite number?
True
Is 2448842329 a prime number?
False
Is 31218612071 composite?
True
Is 1985725669 prime?
False
Is 8398403599 composite?
True
Is 4683157049 a composite number?
True
Is 31147015711 composite?
True
Is 2658064511 composite?
False
Is 836935511 a prime number?
True
Is 74711207101 a composite number?
True
Is 61406508523 composite?
False
Is 40837094173 a composite number?
True
Is 101151957223 composite?
False
Is 2038028929 composite?
False
Is 4908427 a prime number?
False
Is 700393699 a prime number?
True
Is 25690343619 a prime number?
False
Is 1125192307 prime?
False
Is 2819742043 a composite number?
True
Is 84291771937 composite?
False
Is 293212079 a composite number?
True
Is 17853439691 a composite number?
True
Is 488773031 a composite number?
False
Is 2047159987 a composite number?
True
Is 80744594141 a composite number?
False
Is 23367542717 a prime number?
True
Is 4317437291 a prime number?
True
Is 13443132305 a prime number?
False
Is 2137097009 composite?
True
Is 45222228629 a prime number?
False
Is 3492152999 a prime number?
True
Is 149852533 a composite number?
True
Is 76433764837 prime?
False
Is 284112047 a composite number?
False
Is 63818560411 a composite number?
True
Is 408811517 composite?
False
Is 42608783123 a prime number?
True
Is 1290434309 a prime number?
True
Is 2097484919 composite?
True
Is 26170448719 a composite number?
False
Is 118795443643 prime?
True
Is 93599309641 a prime number?
False
Is 36285716143 prime?
True
Is 35233176349 composite?
True
Is 1011372455 prime?
False
Is 759657299 prime?
True
Is 1595145127 a composite number?
False
Is 54647614777 composite?
True
Is 7534344989 composite?
False
Is 16785538027 prime?
False
Is 10712920091 a prime number?
True
Is 4637669053 composite?
False
Is 1592291609 prime?
True
Is 128839393 a composite number?
False
Is 172431073 a composite number?
False
Is 234892610479 a composite number?
True
Is 3008636209 a prime number?
True
Is 24520008857 prime?
True
Is 454427293 a prime number?
True
Is 7019643641 a prime number?
True
Is 6378413231 a composite number?
False
Is 95015654891 a prime number?
False
Is 15653368799 a prime number?
False
Is 40983199601 prime?
False
Is 38631176263 composite?
False
Is 1225947347 prime?
False
Is 587193957359 prime?
True
Is 44568359633 a prime number?
False
Is 482246477 a prime number?
False
Is 1235907359 composite?
True
Is 22794049 a composite number?
False
Is 5749233491 a prime number?
True
Is 5704883927 prime?
True
Is 86438083367 a composite number?
False
Is 14880065383 composite?
False
Is 877166362 composite?
True
Is 17810598371 prime?
False
Is 16486316183 a composite number?
False
Is 381705362 a prime number?
False
Is 3106931411 prime?
True
Is 1232859013 prime?
True
Is 23805942211 a prime number?
False
Is 4676139487 composite?
False
Is 